3.
-101
10 (base 4) to base 9
4
What is 11 (base 8) in base 3?
100
-199 (base 14) to base 15
-171
Convert 13 (base 11) to base 13.
11
35 (base 9) to base 14
24
-2 (base 6) to base 13
-2
Convert 110 (base 4) to base 3.
202
What is 1000100 (base 2) in base 3?
2112
Convert 14 (base 6) to base 5.
20
Convert 202 (base 7) to base 5.
400
What is 2011 (base 3) in base 13?
46
-a (base 11) to base 12
-a
Convert -4 (base 9) to base 13.
-4
What is -e (base 15) in base 11?
-13
Convert 0 (base 4) to base 14.
0
11100010 (base 2) to base 10
226
What is 20 (base 11) in base 9?
24
-2 (base 3) to base 16
-2
-6 (base 9) to base 15
-6
2 (base 16) to base 14
2
What is -22 (base 14) in base 6?
-50
Convert 0 (base 10) to base 13.
0
Convert -6 (base 12) to base 9.
-6
What is -404 (base 8) in base 15?
-125
-8 (base 9) to base 7
-11
Convert 3 (base 16) to base 4.
3
11a (base 15) to base 2
11111010
33 (base 14) to base 12
39
Convert 7 (base 8) to base 15.
7
Convert 3 (base 4) to base 6.
3
What is 70 (base 8) in base 15?
3b
Convert 0 (base 15) to base 12.
0
What is 101101 (base 2) in base 14?
33
Convert -111 (base 2) to base 11.
-7
Convert -6 (base 16) to base 4.
-12
What is 170 (base 9) in base 4?
2100
Convert -11010 (base 2) to base 5.
-101
Convert -1000 (base 4) to base 11.
-59
1000 (base 4) to base 16
40
10 (base 5) to base 12
5
What is -53 (base 6) in base 16?
-21
Convert -111 (base 10) to base 16.
-6f
0 (base 4) to base 13
0
12 (base 15) to base 2
10001
-560 (base 7) to base 3
-101122
What is -16 (base 9) in base 2?
-1111
-401 (base 6) to base 13
-b2
What is 10110 (base 3) in base 12?
79
What is -24 (base 10) in base 16?
-18
-11111 (base 2) to base 11
-29
What is 0 (base 3) in base 10?
0
Convert -1202 (base 4) to base 7.
-200
Convert -3 (base 14) to base 8.
-3
1a8 (base 12) to base 2
100010000
What is -27 (base 9) in base 2?
-11001
-68 (base 16) to base 15
-6e
Convert 74 (base 8) to base 9.
66
1 (base 3) to base 7
1
What is 0 (base 13) in base 6?
0
What is -32 (base 5) in base 8?
-21
What is 0 (base 13) in base 4?
0
Convert 14 (base 9) to base 10.
13
What is -52 (base 7) in base 5?
-122
Convert 43 (base 10) to base 5.
133
-22 (base 9) to base 3
-202
10010 (base 2) to base 10
18
-1 (base 9) to base 12
-1
What is -1 (base 9) in base 11?
-1
58 (base 16) to base 3
10021
2 (base 7) to base 14
2
What is -21 (base 4) in base 13?
-9
-2 (base 13) to base 12
-2
Convert -10011 (base 2) to base 15.
-14
What is -39 (base 10) in base 4?
-213
Convert 1100011 (base 2) to base 6.
243
0 (base 4) to base 6
0
2 (base 7) to base 9
2
Convert 12101 (base 3) to base 8.
221
Convert -2 (base 9) to base 13.
-2
What is 120 (base 5) in base 4?
203
What is -2 (base 12) in base 11?
-2
Convert -c6 (base 13) to base 9.
-200
Convert e (base 15) to base 3.
112
What is 164 (base 7) in base 2?
1011111
Convert -a3 (base 14) to base 8.
-217
37 (base 10) to base 14
29
-11011 (base 2) to base 9
-30
What is -3 (base 13) in base 2?
-11
Convert 2122 (base 3) to base 7.
131
Convert 2d (base 15) to base 10.
43
Convert -2 (base 14) to base 6.
-2
What is 48 (base 10) in base 7?
66
Convert 23 (base 4) to base 16.
b
Convert -8 (base 9) to base 15.
-8
8d (base 14) to base 10
125
What is -4 (base 8) in base 14?
-4
Convert -10032 (base 4) to base 6.
-1130
What is -31 (base 6) in base 5?
-34
Convert -13 (base 13) to base 2.
-10000
Convert -322 (base 4) to base 14.
-42
Convert 29 (base 16) to base 10.
41
-4 (base 10) to base 3
-11
What is 6 (base 15) in base 6?
10
What is -4 (base 6) in base 11?
-4
Convert -2 (base 16) to base 4.
-2
17 (base 10) to base 16
11
What is -401 (base 5) in base 8?
-145
What is 4 (base 15) in base 6?
4
1 (base 15) to base 14
1
Convert -5 (base 14) to base 7.
-5
Convert -3c (base 13) to base 15.
-36
Convert -4 (base 12) to base 3.
-11
Convert 33 (base 13) to base 6.
110
5 (base 12) to base 14
5
What is -1 (base 10) in base 9?
-1
Convert a (base 16) to base 15.
a
What is -110 (base 2) in base 13?
-6
Convert 8 (base 11) to base 12.
8
-1102 (base 3) to base 13
-2c
What is 4 (base 13) in base 10?
4
4 (base 8) to base 7
4
Convert 2 (base 8) to base 14.
2
What is 15 (base 8) in base 5?
23
What is 17 (base 9) in base 10?
16
10 (base 5) to base 10
5
-1203 (base 4) to base 11
-90
Convert -1002 (base 4) to base 15.
-46
2 (base 6) to base 13
2
Convert -1210 (base 3) to base 13.
-39
What is 11111 (base 2) in base 14?
23
What is 1001 (base 2) in base 3?
100
Convert -9 (base 16) to base 9.
-10
Convert -18 (base 13) to base 5.
-41
-6 (base 7) to base 4
-12
-21 (base 7) to base 14
-11
What is -1 (base 11) in base 10?
-1
Convert -2 (base 9) to base 14.
-2
Convert -10 (base 14) to base 5.
-24
Convert -5 (base 13) to base 5.
-10
103 (base 6) to base 14
2b
Convert -3d (base 16) to base 11.
-56
Convert -200 (base 3) to base 15.
-13
What is a (base 16) in base 15?
a
What is 86 (base 14) in base 7?
226
What is 58 (base 12) in base 13?
53
What is 1021 (base 3) in base 2?
100010
4 (base 6) to base 12
4
-6 (base 15) to base 14
-6
What is 3 (base 12) in base 8?
3
0 (base 10) to base 3
0
What is -12 (base 3) in base 2?
-101
-13 (base 7) to base 11
-a
Convert 121 (base 3) to base 14.
12
Convert 203 (base 5) to base 2.
110101
Convert 3 (base 4) to base 10.
3
What is -1b (base 14) in base 16?
-19
-3 (base 13) to base 7
-3
-425 (base 6) to base 16
-a1
What is 3 (base 11) in base 12?
3
Convert 7 (base 10) to base 3.
21
Convert 0 (base 13) to base 9.
0
0 (base 8) to base 2
0
2 (base 9) to base 4
2
-12 (base 4) to base 10
-6
Convert 2 (base 8) to base 10.
2
2 (base 6) to base 4
2
60 (base 14) to base 8
124
What is -2 (base 13) in base 11?
-2
Convert 13 (base 5) to base 8.
10
4 (base 15) to base 5
4
1c (base 14) to base 15
1b
Convert -5 (base 16) to base 15.
-5
11 (base 4) to base 12
5
3 (base 10) to base 12
3
What is -303 (base 5) in base 7?
-141
Convert -6 (base 12) to base 10.
-6
Convert 4b (base 14) to base 4.
1003
Convert -56 (base 8) to base 16.
-2e
What is a8 (base 14) in base 7?
301
Convert 6 (base 10) to base 11.
6
What is 116 (base 9) in base 10?
96
-23 (base 10) to base 14
-19
What is 2232 (base 4) in base 9?
213
What is -188 (base 10) in base 2?
-10111100
-37 (base 12) to base 3
-1121
What is 25 (base 12) in base 9?
32
What is -15 (base 7) in base 4?
-30
Convert 1 (base 16) to base 7.
1
Convert -24 (base 5) to base 2.
-1110
What is -1 (base 10) in base 12?
-1
Convert 151 (base 8) to base 16.
69
What is -2 (base 9) in base 3?
-2
Convert -23 (base 7) to base 9.
-18
What is -142 (base 11) in base 16?
-a7
-11 (base 4) to base 3
-12
What is 25 (base 11) in base 8?
33
Convert 1104 (base 5) to base 4.
2122
Convert 3032 (base 4) to base 9.
248
-33 (base 5) to base 13
-15
Convert -2 (base 14) to base 2.
-10
Convert 122 (base 6) to base 2.
110010
Convert 101 (base 9) to base 13.
64
-2 (base 7) to base 6
-2
-11110100 (base 2) to base 11
-202
What is -9 (base 14) in base 4?
-21
-7 (base 13) to base 9
-7
Convert 0 (base 10) to base 14.
0
Convert 12c (base 14) to base 3.
22202
-4b (base 16) to base 3
-2210
-21 (base 9) to base 7
-25
What is 1021 (base 3) in base 14?
26
What is -32 (base 12) in base 13?
-2c
-1 (base 10) to base 3
-1
-3 (base 12) to base 15
-3
-55 (base 13) to base 15
-4a
-41 (base 5) to base 4
-111
What is -1010 (base 2) in base 16?
-a
1211 (base 3) to base 10
49
What is -183 (base 9) in base 2?
-10011100
What is -12 (base 4) in base 9?
-6
What is 1 (base 15) in base 9?
1
-36 (base 8) to base 5
-110
What is -1b9 (base 14) in base 16?
-167
What is -131 (base 4) in base 2?
-11101
-37 (base 14) to base 12
-41
What is 23 (base 9) in base 12?
19
-10 (base 3) to base 8
-3
What is -20 (base 11) in base 15?
-17
-39 (base 11) to base 5
-132
Convert -251 (base 11) to base 3.
-102001
Convert -161 (base 13) to base 7.
-503
What is 1 (base 15) in base 5?
1
25 (base 13) to base 12
27
1 (base 14) to base 8
1
10 (base 3) to base 5
3
-29 (base 10) to base 2
-11101
Convert 2 (base 5) to base 9.
2
4 (base 12) to base 2
100
-2 (base 3) to base 10
-2
135 (base 8) to base 3
10110
Convert 32 (base 11) to base 16.
23
-302 (base 6) to base 5
-420
What is -1000 (base 2) in base 13?
-8
Convert 1 (base 5) to base 7.
1
What is 65 (base 14) in base 10?
89
Convert -2200 (base 3) to base 2.
-1001000
What is 11 (base 9) in base 8?
12
Convert -